[INFO] cloning repository https://github.com/George3d6/lib3d6
[INFO] running `Command { std: "git" "-c" "credential.helper=" "-c" "credential.helper=/workspace/cargo-home/bin/git-credential-null" "clone" "--bare" "https://github.com/George3d6/lib3d6" "/workspace/cache/git-repos/https%3A%2F%2Fgithub.com%2FGeorge3d6%2Flib3d6", kill_on_drop: false }`
[INFO] [stderr] Cloning into bare repository '/workspace/cache/git-repos/https%3A%2F%2Fgithub.com%2FGeorge3d6%2Flib3d6'...
[INFO] running `Command { std: "git" "rev-parse" "HEAD", kill_on_drop: false }`
[INFO] [stdout] 0adb0a5e6adc2496c6276a7198eafb94d3cb8e01
[INFO] checking George3d6/lib3d6 against master#e6e4f7ed1589e03bc2f6c5931c1a72e7947e8682 for beta-170-4
[INFO] running `Command { std: "git" "clone" "/workspace/cache/git-repos/https%3A%2F%2Fgithub.com%2FGeorge3d6%2Flib3d6" "/workspace/builds/worker-0-tc2/source", kill_on_drop: false }`
[INFO] [stderr] Cloning into '/workspace/builds/worker-0-tc2/source'...
[INFO] [stderr] done.
[INFO] validating manifest of git repo https://github.com/George3d6/lib3d6 on toolchain e6e4f7ed1589e03bc2f6c5931c1a72e7947e8682
[INFO] running `Command { std: CARGO_HOME="/workspace/cargo-home" RUSTUP_HOME="/workspace/rustup-home" "/workspace/cargo-home/bin/cargo" "+e6e4f7ed1589e03bc2f6c5931c1a72e7947e8682" "metadata" "--manifest-path" "Cargo.toml" "--no-deps", kill_on_drop: false }`
[INFO] started tweaking git repo https://github.com/George3d6/lib3d6
[INFO] finished tweaking git repo https://github.com/George3d6/lib3d6
[INFO] tweaked toml for git repo https://github.com/George3d6/lib3d6 written to /workspace/builds/worker-0-tc2/source/Cargo.toml
[INFO] crate git repo https://github.com/George3d6/lib3d6 already has a lockfile, it will not be regenerated
[INFO] running `Command { std: CARGO_HOME="/workspace/cargo-home" RUSTUP_HOME="/workspace/rustup-home" "/workspace/cargo-home/bin/cargo" "+e6e4f7ed1589e03bc2f6c5931c1a72e7947e8682" "fetch" "--manifest-path" "Cargo.toml", kill_on_drop: false }`
[INFO] running `Command { std: "docker" "create" "-v" "/var/lib/crater-agent-workspace/builds/worker-0-tc2/target:/opt/rustwide/target:rw,Z" "-v" "/var/lib/crater-agent-workspace/builds/worker-0-tc2/source:/opt/rustwide/workdir:ro,Z" "-v" "/var/lib/crater-agent-workspace/cargo-home:/opt/rustwide/cargo-home:ro,Z" "-v" "/var/lib/crater-agent-workspace/rustup-home:/opt/rustwide/rustup-home:ro,Z" "-e" "SOURCE_DIR=/opt/rustwide/workdir" "-e" "CARGO_TARGET_DIR=/opt/rustwide/target" "-e" "CARGO_HOME=/opt/rustwide/cargo-home" "-e" "RUSTUP_HOME=/opt/rustwide/rustup-home" "-w" "/opt/rustwide/workdir" "-m" "1610612736" "--user" "0:0" "--network" "none" "ghcr.io/rust-lang/crates-build-env/linux@sha256:19e73879b68f455e41552ea35293514db52ea292d993f571636dbffedb77a1ee" "/opt/rustwide/cargo-home/bin/cargo" "+e6e4f7ed1589e03bc2f6c5931c1a72e7947e8682" "metadata" "--no-deps" "--format-version=1", kill_on_drop: false }`
[INFO] [stdout] 7044cd42a009b5d778006bde49d3f3c794d31c6595aeee5fca831d93198d9ec7
[INFO] running `Command { std: "docker" "start" "-a" "7044cd42a009b5d778006bde49d3f3c794d31c6595aeee5fca831d93198d9ec7", kill_on_drop: false }`
[INFO] running `Command { std: "docker" "inspect" "7044cd42a009b5d778006bde49d3f3c794d31c6595aeee5fca831d93198d9ec7", kill_on_drop: false }`
[INFO] running `Command { std: "docker" "rm" "-f" "7044cd42a009b5d778006bde49d3f3c794d31c6595aeee5fca831d93198d9ec7", kill_on_drop: false }`
[INFO] [stdout] 7044cd42a009b5d778006bde49d3f3c794d31c6595aeee5fca831d93198d9ec7
[INFO] running `Command { std: "docker" "create" "-v" "/var/lib/crater-agent-workspace/builds/worker-0-tc2/target:/opt/rustwide/target:rw,Z" "-v" "/var/lib/crater-agent-workspace/builds/worker-0-tc2/source:/opt/rustwide/workdir:ro,Z" "-v" "/var/lib/crater-agent-workspace/cargo-home:/opt/rustwide/cargo-home:ro,Z" "-v" "/var/lib/crater-agent-workspace/rustup-home:/opt/rustwide/rustup-home:ro,Z" "-e" "SOURCE_DIR=/opt/rustwide/workdir" "-e" "CARGO_TARGET_DIR=/opt/rustwide/target" "-e" "CARGO_INCREMENTAL=0" "-e" "RUST_BACKTRACE=full" "-e" "RUSTFLAGS=--cap-lints=forbid" "-e" "RUSTDOCFLAGS=--cap-lints=forbid" "-e" "CARGO_HOME=/opt/rustwide/cargo-home" "-e" "RUSTUP_HOME=/opt/rustwide/rustup-home" "-w" "/opt/rustwide/workdir" "-m" "1610612736" "--user" "0:0" "--network" "none" "ghcr.io/rust-lang/crates-build-env/linux@sha256:19e73879b68f455e41552ea35293514db52ea292d993f571636dbffedb77a1ee" "/opt/rustwide/cargo-home/bin/cargo" "+e6e4f7ed1589e03bc2f6c5931c1a72e7947e8682" "check" "--frozen" "--all" "--all-targets" "--message-format=json", kill_on_drop: false }`
[INFO] [stdout] 69b78510a2f7e72e0083a2c5d3e317cee10923d41fca8741be1cb3e10f2dc824
[INFO] running `Command { std: "docker" "start" "-a" "69b78510a2f7e72e0083a2c5d3e317cee10923d41fca8741be1cb3e10f2dc824", kill_on_drop: false }`
[INFO] [stderr]    Compiling lib3d6 v0.0.4 (/opt/rustwide/workdir)
[INFO] [stdout] warning: unused import: `launch_tmux`
[INFO] [stdout]  --> src/lib.rs:2:12
[INFO] [stdout]   |
[INFO] [stdout] 2 | use tmux::{launch_tmux};
[INFO] [stdout]   |            ^^^^^^^^^^^
[INFO] [stdout]   |
[INFO] [stdout]   = note: `#[warn(unused_imports)]` on by default
[INFO] [stdout] 
[INFO] [stdout] 
[INFO] [stdout] warning: unused import: `launch_tmux`
[INFO] [stdout]  --> src/lib.rs:2:12
[INFO] [stdout]   |
[INFO] [stdout] 2 | use tmux::{launch_tmux};
[INFO] [stdout]   |            ^^^^^^^^^^^
[INFO] [stdout]   |
[INFO] [stdout]   = note: `#[warn(unused_imports)]` on by default
[INFO] [stdout] 
[INFO] [stdout] 
[INFO] [stdout] warning: unused import: `launch_tmux`
[INFO] [stdout]  --> src/lib.rs:2:12
[INFO] [stdout]   |
[INFO] [stdout] 2 | use tmux::{launch_tmux};
[INFO] [stdout]   |            ^^^^^^^^^^^
[INFO] [stdout]   |
[INFO] [stdout]   = note: `#[warn(unused_imports)]` on by default
[INFO] [stdout] 
[INFO] [stdout] 
[INFO] [stdout] error[E0599]: no method named `read_to_string` found for struct `File` in the current scope
[INFO] [stdout]  --> src/tmux/mod.rs:9:10
[INFO] [stdout]   |
[INFO] [stdout] 9 |     file.read_to_string(&mut random_name, 12);
[INFO] [stdout]   |          ^^^^^^^^^^^^^^ method not found in `File`
[INFO] [stdout]  --> /rustc/e6e4f7ed1589e03bc2f6c5931c1a72e7947e8682/library/std/src/io/mod.rs:769:8
[INFO] [stdout]   |
[INFO] [stdout]   = note: the method is available for `File` here
[INFO] [stdout]   |
[INFO] [stdout]   = help: items from traits can only be used if the trait is in scope
[INFO] [stdout] help: the following trait is implemented but not in scope; perhaps add a `use` for it:
[INFO] [stdout]   |
[INFO] [stdout] 1 + use std::io::Read;
[INFO] [stdout]   |
[INFO] [stdout] 
[INFO] [stdout] 
[INFO] [stdout] error[E0599]: no method named `read_to_string` found for struct `File` in the current scope
[INFO] [stdout]  --> src/tmux/mod.rs:9:10
[INFO] [stdout]   |
[INFO] [stdout] 9 |     file.read_to_string(&mut random_name, 12);
[INFO] [stdout]   |          ^^^^^^^^^^^^^^ method not found in `File`
[INFO] [stdout]  --> /rustc/e6e4f7ed1589e03bc2f6c5931c1a72e7947e8682/library/std/src/io/mod.rs:769:8
[INFO] [stdout]   |
[INFO] [stdout]   = note: the method is available for `File` here
[INFO] [stdout]   |
[INFO] [stdout]   = help: items from traits can only be used if the trait is in scope
[INFO] [stdout] help: the following trait is implemented but not in scope; perhaps add a `use` for it:
[INFO] [stdout]   |
[INFO] [stdout] 1 + use std::io::Read;
[INFO] [stdout]   |
[INFO] [stdout] 
[INFO] [stdout] 
[INFO] [stdout] error[E0599]: no method named `read_to_string` found for struct `File` in the current scope
[INFO] [stdout]  --> src/tmux/mod.rs:9:10
[INFO] [stdout]   |
[INFO] [stdout] 9 |     file.read_to_string(&mut random_name, 12);
[INFO] [stdout]   |          ^^^^^^^^^^^^^^ method not found in `File`
[INFO] [stdout]  --> /rustc/e6e4f7ed1589e03bc2f6c5931c1a72e7947e8682/library/std/src/io/mod.rs:769:8
[INFO] [stdout]   |
[INFO] [stdout]   = note: the method is available for `File` here
[INFO] [stdout]   |
[INFO] [stdout]   = help: items from traits can only be used if the trait is in scope
[INFO] [stdout] help: the following trait is implemented but not in scope; perhaps add a `use` for it:
[INFO] [stdout]   |
[INFO] [stdout] 1 + use std::io::Read;
[INFO] [stdout]   |
[INFO] [stdout] 
[INFO] [stdout] 
[INFO] [stdout] error: aborting due to previous error; 1 warning emitted
[INFO] [stdout] 
[INFO] [stdout] 
[INFO] [stdout] For more information about this error, try `rustc --explain E0599`.
[INFO] [stdout] 
[INFO] [stdout] error: aborting due to previous error; 1 warning emitted
[INFO] [stdout] 
[INFO] [stdout] 
[INFO] [stdout] For more information about this error, try `rustc --explain E0599`.
[INFO] [stdout] 
[INFO] [stdout] error: aborting due to previous error; 1 warning emitted
[INFO] [stdout] 
[INFO] [stdout] 
[INFO] [stdout] For more information about this error, try `rustc --explain E0599`.
[INFO] [stdout] 
[INFO] [stderr] error: could not compile `lib3d6` (lib) due to 2 previous errors; 1 warning emitted
[INFO] [stderr] warning: build failed, waiting for other jobs to finish...
[INFO] [stderr] error: could not compile `lib3d6` (lib test) due to 2 previous errors; 1 warning emitted
[INFO] [stderr] error: could not compile `lib3d6` (lib) due to 2 previous errors; 1 warning emitted
[INFO] running `Command { std: "docker" "inspect" "69b78510a2f7e72e0083a2c5d3e317cee10923d41fca8741be1cb3e10f2dc824", kill_on_drop: false }`
[INFO] running `Command { std: "docker" "rm" "-f" "69b78510a2f7e72e0083a2c5d3e317cee10923d41fca8741be1cb3e10f2dc824", kill_on_drop: false }`
[INFO] [stdout] 69b78510a2f7e72e0083a2c5d3e317cee10923d41fca8741be1cb3e10f2dc824
